{"id":188,"date":"2018-03-05T13:05:55","date_gmt":"2018-03-05T12:05:55","guid":{"rendered":"http:\/\/compania.sk\/?page_id=188"},"modified":"2022-09-09T10:16:41","modified_gmt":"2022-09-09T08:16:41","slug":"o-nas","status":"publish","type":"page","link":"https:\/\/compania.sk\/?page_id=188","title":{"rendered":"O n\u00e1s"},"content":{"rendered":"<div id=\"cs-content\" class=\"cs-content\"><\/div>\n","protected":false},"excerpt":{"rendered":"<p>COMPANIA, te\u0161\u00ed n\u00e1sFull-service reklamn\u00e1 agent\u00fara Compania je na trhu u\u017e 13 rokov a odvtedy sme vo svojom portf\u00f3liu klientov mohli priv\u00edta\u0165 mnoho zn\u00e1mych zna\u010diek a robi\u0165 na mnoh\u00fdch zauj\u00edmav\u00fdch projektoch. &#8230;<\/p>\n","protected":false},"author":1,"featured_media":0,"parent":0,"menu_order":0,"comment_status":"closed","ping_status":"closed","template":"template-blank-4.php","meta":[],"_links":{"self":[{"href":"https:\/\/compania.sk\/index.php?rest_route=\/wp\/v2\/pages\/188"}],"collection":[{"href":"https:\/\/compania.sk\/index.php?rest_route=\/wp\/v2\/pages"}],"about":[{"href":"https:\/\/compania.sk\/index.php?rest_route=\/wp\/v2\/types\/page"}],"author":[{"embeddable":true,"href":"https:\/\/compania.sk\/index.php?rest_route=\/wp\/v2\/users\/1"}],"replies":[{"embeddable":true,"href":"https:\/\/compania.sk\/index.php?rest_route=%2Fwp%2Fv2%2Fcomments&post=188"}],"version-history":[{"count":33,"href":"https:\/\/compania.sk\/index.php?rest_route=\/wp\/v2\/pages\/188\/revisions"}],"predecessor-version":[{"id":559,"href":"https:\/\/compania.sk\/index.php?rest_route=\/wp\/v2\/pages\/188\/revisions\/559"}],"wp:attachment":[{"href":"https:\/\/compania.sk\/index.php?rest_route=%2Fwp%2Fv2%2Fmedia&parent=188"}],"curies":[{"name":"wp","href":"https:\/\/api.w.org\/{rel}","templated":true}]}}