{"id":201,"date":"2015-04-08T18:39:04","date_gmt":"2015-04-08T23:39:04","guid":{"rendered":"http:\/\/compania.sk\/home-2\/"},"modified":"2025-03-13T09:00:08","modified_gmt":"2025-03-13T08:00:08","slug":"home-2","status":"publish","type":"page","link":"https:\/\/compania.sk\/","title":{"rendered":"Domov"},"content":{"rendered":"<div id=\"cs-content\" class=\"cs-content\"><\/div>\n","protected":false},"excerpt":{"rendered":"<p>BESTSELLER IDEAS \u00da\u010dinn\u00e1 komunik\u00e1cia, to s\u00fa skvel\u00e9 n\u00e1pady aj skvel\u00fd predaj. My v na\u0161ich rie\u0161eniach berieme oh\u013ead na oboje.<\/p>\n","protected":false},"author":1,"featured_media":0,"parent":0,"menu_order":0,"comment_status":"closed","ping_status":"closed","template":"template-blank-4.php","meta":[],"_links":{"self":[{"href":"https:\/\/compania.sk\/index.php?rest_route=\/wp\/v2\/pages\/201"}],"collection":[{"href":"https:\/\/compania.sk\/index.php?rest_route=\/wp\/v2\/pages"}],"about":[{"href":"https:\/\/compania.sk\/index.php?rest_route=\/wp\/v2\/types\/page"}],"author":[{"embeddable":true,"href":"https:\/\/compania.sk\/index.php?rest_route=\/wp\/v2\/users\/1"}],"replies":[{"embeddable":true,"href":"https:\/\/compania.sk\/index.php?rest_route=%2Fwp%2Fv2%2Fcomments&post=201"}],"version-history":[{"count":28,"href":"https:\/\/compania.sk\/index.php?rest_route=\/wp\/v2\/pages\/201\/revisions"}],"predecessor-version":[{"id":601,"href":"https:\/\/compania.sk\/index.php?rest_route=\/wp\/v2\/pages\/201\/revisions\/601"}],"wp:attachment":[{"href":"https:\/\/compania.sk\/index.php?rest_route=%2Fwp%2Fv2%2Fmedia&parent=201"}],"curies":[{"name":"wp","href":"https:\/\/api.w.org\/{rel}","templated":true}]}}